. Determine f(p).
-3
Let a(g) = g**3 - 5*g**2 + 6*g - 3. Suppose -k + 68 = k. Let c = 38 - k. Suppose -5*z = i - 4, 0*i - c = -i - 2*z. Calculate a(i).
5
Let f be 252/(-126) + (6 - (1 - 0)). Let u be 34/51 + (-10)/(-3). Let g(l) = -6 + 6*l + 7 - 3*l - u*l. Give g(f).
-2
Let j(x) = 12*x + 133. Let w be j(-10). Let o(q) = -w - q**2 - 14*q + 54 - 16 - 21. What is o(-13)?
17
Suppose -10*m + 14 = 4. Let i be 1 + ((-10)/m - -5). Let z(v) = -v**3 - 5*v**2 - 3*v - 3. Determine z(i).
-7
Let i(a) = 3*a - 12. Let v(l) be the first derivative of -l**2 + 6*l - 51. Let s(c) = 3*i(c) + 5*v(c). What is s(-5)?
-1
Let a = 7440 - 7444. Let v(x) = 4*x**2 - 5*x + 2. Let r(m) = -m**2 + m. Let d(n) = -5*r(n) - v(n). What is d(a)?
14
Let q(t) = -4*t**2 - 6*t - 34. Let h(x) = 2*x**2 + 4*x + 15. Let k(c) = -9*h(c) - 4*q(c). Determine k(-6).
1
Let k = 2034 - 2031. Let j(q) = q**2 + 5*q - 28. Give j(k).
-4
Let z(y) = 4*y - 3*y - 1117 + 1111. What is z(-2)?
-8
Let j(q) = 2*q**3 - 10*q**2 + 11*q + 20. Let i(a) = a**3 - 7*a**2 + 6*a + 11. Let v(h) = -5*i(h) + 3*j(h). Calculate v(-5).
-10
Suppose -24*j = 36*j - 120. Let m(u) be the third derivative of 0 - 11*u**j + 1/24*u**4 + 2/15*u**5 + 0*u**3 + 0*u. Give m(-1).
7
Let h(z) = z**3 + 24*z**2 - 55*z - 75. Let g(a) = 109*a + 519. Let l be g(-5). What is h(l)?
3
Let w(f) = -100*f**3 + 23*f**2 - 9*f + 13. Let r(a) = 143*a**3 - 34*a**2 + 14*a - 19. Let k(i) = -7*r(i) - 10*w(i). Calculate k(5).
38
Let y(t) be the second derivative of -t**4/6 + t**3/3 + 7*t**2/2 - 110*t + 1. Determine y(0).
7
Let x(d) = -429*d + 24. Let t(b) = 183*b - 11. Let j(k) = 7*t(k) + 3*x(k). What is j(14)?
-89
Suppose 30 = -22*t + 25*t. Suppose -3*d = 2*d - t, -3*s - d = -11. Suppose 0*k = -s*k + 15. Let x(i) = i. Determine x(k).
5
Let y(c) = -13*c - 69. Let g = -19146 + 19138. What is y(g)?
35
Let w be (-31 - 0/2)*(63 - 62). Let m(z) = 4*z + 130. Calculate m(w).
6
Let y(x) = 2*x + 5. Let f = 376 - 601. Let z = -229 - f. Give y(z).
-3
Let j(b) = 17*b**2 + 33*b - 19. Let c(y) = 10*y**2 + 16*y - 10. Let o(n) = -7*c(n) + 4*j(n). Determine o(8).
26
Let h be (-1)/(-3) + (1 + (-37)/3 - -3). Let m(q) = -q**3 - 11*q**2 - 26*q - 5. Give m(h).
11
Let s = -4 + 3. Let m(d) be the first derivative of -8*d**2 + d + 675. Determine m(s).
17
Let w be (-4 - 0)/(0 - 2). Suppose s + 3*s = 5*g - 159, -75 = w*s - g. Let a = -32 - s. Let j(n) = -n**3 + 5*n**2 - 4*n - 2. Determine j(a).
-2
Let z(a) = 4 - 9 - 29*a - 10 + 0 + 26*a. What is z(-4)?
-3
Let c(k) = 2*k**3 + 2*k**2 + 2*k + 3. Let q = -56 - 50. Let l = q - -104. Give c(l).
-9
Let m(b) = b + 12. Let i be m(-13). Let g(j) = -747 - 749 - 741 + 2237 + 2*j. Calculate g(i).
-2
Let p(h) = -2 - 2*h**3 + 1 - 1 + h**3 - 3*h - 5*h**2. Suppose -4 = 19320*y - 19319*y. What is p(y)?
-6
Let o(s) = 2*s. Let p = 1045 + -1049. Let x(z) = 5*z - 3. Let c(n) = -26*n + 16. Let h(b) = -3*c(b) - 16*x(b). Let d(f) = p*o(f) - 2*h(f). Calculate d(-2).
8
Let k(p) = 3*p. Let x(w) = 30*w - 15. Let b(f) = -12*k(f) + 3*x(f). What is b(1)?
9
Let f(g) be the second derivative of -g**5/20 + g**4/12 - 2*g**3/3 - 3*g**2/2 + 2940*g. Determine f(-2).
17
Suppose -2*a + 25 = v + 28, 2*a + 9 = -3*v. Let m(t) be the first derivative of t**4/4 + t**3/3 - t - 1. Calculate m(a).
-1
Let u(k) = -k - 38. Let z(w) = 3*w - 114. Let l(v) = -2*u(v) + z(v). What is l(7)?
-3
Let h be 240/112 - 2/14. Let m be (4 - 1)*h/1. Let a(c) = m - 2 - c + 38*c**2 - 37*c**2. Give a(0).
4
Let u(p) be the first derivative of 7*p**3/3 - 33*p**2/2 - 11*p + 8354. Calculate u(5).
-1
Let j be ((-114)/8)/(24/1088). Let v = 641 + j. Let l(r) = -2*r - 4. Give l(v).
6
Let j = -31 - -31. Suppose 4*n + 67 - 71 = j. Suppose 4 = 5*b - n, 4*a + 5*b - 13 = 0. Let m(l) = -l**3 - 3*l**2 + 3*l - 1. Calculate m(a).
-15
Let f(a) be the first derivative of a**3/3 - 9*a**2/2 + 11*a + 27521. Suppose 40 = 3*z + 2*z. Determine f(z).
3
Let p be (-1)/((10/10)/7). Let t(d) = -5*d - 18. Give t(p).
17
Let d(y) = -y**2 + 10*y - 11. Let j(c) = -c**3 + c**2 + c - 1. Let l = 3 + -5. Let x be j(l). Let w be d(x). Let u(f) = -f**2. Give u(w).
-4
Let w(b) = 6*b**3 - b**2 + b + 1. Let d(r) = r**3 + 4*r**2 - 5*r + 4. Let a be d(-5). Suppose -25*f - 5*j - 25 = -20*f, -18 = 2*f + a*j. Calculate w(f).
-7
Let d(a) = a**3 - 10*a**2 - 38*a - 15. Suppose 10*x = -2*s + 86, 2*x + 58 = -2*s + 96. Determine d(s).
-2
Let d(a) be the first derivative of -a**4/12 - 5*a**3/3 + 3*a**2/2 - 77*a - 7. Let k(f) be the first derivative of d(f). Calculate k(-7).
24
Let a = 360 - 368. Let t(q) = 11 - 14*q + 4*q - 25 - q**2 + 16. Calculate t(a).
18
Let c(n) = -12*n + 2. Let a = -4750 - -4749. What is c(a)?
14
Let w = 530 - 535. Let m be 0 + (w - -9) + 3. Let u(t) = t - 15. Give u(m).
-8
Let i be -4 - -8 - -7 - (1 - 0). Suppose -47 = -i*g + 3. Let c(j) = -8 + g + 9*j + j - 6 - j**2. Give c(8).
7
Suppose 17 = 3*x + r, -5*x - 3*r = -x - 31. Suppose -4*n - f = 34, -5*n + 4*n - x*f = 16. Let p(k) = 4*k + 12. Calculate p(n).
-20
Let z(x) = -12*x + 418. Let k = -2932 - -2967. Give z(k).
-2
Let w(s) = -2 + 5*s - 7*s - 9*s**2 + 4 - 3. Let c be 5 - 8/(-28)*-7. Suppose -b + 9 = 2*x, b + 24 = -c*b + 4*x. Determine w(b).
-8
Let c(v) be the third derivative of 13*v**4/24 - 5*v**3/6 - 276*v**2. Give c(6).
73
Suppose -3*r = -5*r + 2. Let n be 0 - (r/1 + -2). Let z(p) = 44*p - 45*p + n - 4. Determine z(-9).
6
Suppose -4*w + 2*w - r = -13, 14 = 4*w - 2*r. Let f(n) = n + 2*n - w*n. Suppose -6*y - 25 + 11 = -2*l - 10, -2*y = -4*l - 12. Determine f(y).
4
Let n = 1275 - 1272. Let d(t) = -4*t**2 + 5*t - 6. Give d(n).
-27
Let h be (3 + -2)*(-2 - 1). Let i(g) be the third derivative of -1/120*g**6 - 1/15*g**5 - 20 + 1/3*g**3 - 1/12*g**4 - 2*g**2 + 0*g. Determine i(h).
-1
Let z(h) = h**2 - 13*h + 16. Let n be z(-21). Let r = -722 + n. Let l(x) = -3*x + 9. Determine l(r).
-15
Let y(z) be the first derivative of -3*z**5/20 + z**4/12 + z**3/6 - 65*z**2 - 82. Let g(x) be the second derivative of y(x). Calculate g(-1).
-10
Let a(p) = 20*p + 18. Let m be a(5). Let y(g) = 1 + 7 + m*g - 119*g. Give y(6).
2
Suppose 13 = -4*n + 21. Let k be n/7 - (-884)/91. Let f(w) = w**2 - 10*w - 8. Give f(k).
-8
Suppose -138*h - 60 = -150*h. Let z(m) = -h*m + m - 8*m - 2*m - 4*m. What is z(1)?
-18
Let i(r) = -r**2 - r - 5. Let a(s) = 3*s**2 - 20*s - 26. Let n(k) = -a(k) - 4*i(k). Calculate n(-22).
2
Let b(a) = a**3 - 12*a**2 + 25*a + 42. Let p be b(4). Let k(m) = m**3 - 13*m**2 - 12*m + 17. Calculate k(p).
45
Let m(h) = -77*h - 3935. Let p be m(-51). Let o(c) = -13*c - 87. What is o(p)?
17
Let i(k) be the second derivative of -7*k**3/2 + 5*k**2 - 2353*k + 2. Determine i(-1).
31
Let y(v) = 3*v + 3. Let z be y(5). Let x(l) = -7*l**2 - 9*l - 20. Let m(d) = 25*d**2 + 23*d + 62. Let g(w) = -2*m(w) - 7*x(w). Give g(z).
-2
Let t(c) = 2*c**3 + c**2 - 1. Let b = 98 - 99. Let z(d) = -5*d**3 + 7*d**2 - 8*d - 3. Let k(a) = b*z(a) - 2*t(a). Give k(8).
5
Let n(l) = -l**3 - l**2 - 7. Let k = 375 + -388. Let t be (-3 - 0) + 11 + k + 5. Give n(t).
-7
Let n = 86051 + -86052. Let l(p) be the third derivative of -p**7/1260 + p**6/720 - p**5/60 - p**2. Let o(r) be the third derivative of l(r). Determine o(n).
5
Let n(m) be the first derivative of -3*m**2/2 + 50*m + 69. Let x be n(14). Let k(f) = -f + 10. What is k(x)?
2
Suppose s - 2*s + 2*j = -10, -30 = -3*s + 5*j. Let q(h) = 11*h**3 + 16*h**2 - 6*h - 8. Let f(k) = -2*k**3 - k**2 + k. Let v(w) = -6*f(w) - q(w). What is v(s)?
8
Let o(q) = 16*q**2 + 2*q + 2. Let n(h) = 59*h**2 + 9*h + 9. Let z(c) = -4*n(c) + 15*o(c). Give z(4).
34
Let m(n) = -3*n**2 - 4*n + 1. Let w = -81 - -90. Let t(b) = 7*b**2 + 9*b - 2. Let q(h) = w*m(h) + 4*t(h). Let x = -13 - -14. Calculate q(x).
2
Let s(h) be the first derivative of -h**7/40 - h**6/360 + h**5/120 + 80*h**3/3 - 23. Let g(p) be the third derivative of s(p). Give g(1).
-21
Let y(a) = -a**2 - 9*a - 5. Suppose -369 = 49*l + 219. What is y(l)?
-41
Suppose -3*o + 5*t = -28, -o + 6 - 10 = t. Let p(j) = 31*j - 84*j + 39*j. Determine p(o).
-14
Let m(r) be the first derivative of -3*r**2 + 25*r - 1096. Give m(-19).
139
Let a = 27577 - 27598. Let p(q) = -3*q + 47. Determine p(a).
110
Suppose -10 = 17*i - 22*i, 4*i + 47 = 5*u. Let y(b) = -b**2 + 14*b - 32. Give y(u).
1
Let f(k) = k**3 - 3*k**2 - 5*k + 5. Let v be 11/66 + (-95)/(-6) + -1. Let